mmon factor of i and w.
10
Suppose 4*z - z = -2*m - 8, 3*m - 10 = z. What is the highest common factor of 10 and m?
2
Suppose -4*p + 3 = -5*t, -3*p - 3*t + 10 = t. Suppose 0 = 5*h - 3*z - 63, p*h - 21 - 4 = z. Calculate the greatest common divisor of 6 and h.
6
Let a = 10 - -1. Let i be (2 + 0)/(-1) - a. Let q be (10/5)/((-2)/i). Calculate the greatest common divisor of q and 39.
13
Let x(t) = -t**2 - 8*t - 5. Let g be x(-6). Let p be 1*(-1 - (-24)/3). What is the highest common divisor of p and g?
7
Let h be (-1)/(38/(-20) + 2). Let q be 86/7 + h/35. Suppose -324 = 3*a - 6*a. What is the greatest common factor of a and q?
12
Let f = 2215 + -2213. Calculate the greatest common factor of f and 134.
2
Let o = 95 - -460. What is the highest common factor of o and 30?
15
Let m(f) = -4*f - 124. Let c be m(-40). What is the highest common factor of c and 90?
18
Let w(d) = 11*d + 6 + 2*d**2 - 2*d**2 - 14 + d**2. Let h be w(-12). Suppose 2*z + h = 20. What is the highest common factor of z and 8?
8
Suppose -2*g + 4*w = -6*g + 216, -3*g - w = -152. Let a = g - 25. What is the highest common factor of a and 12?
12
Let u = 2602 + -2586. Calculate the greatest common factor of 784 and u.
16
Suppose 36*s - 27*s - 585 = 0. Calculate the highest common factor of s and 156.
13
Suppose 3*h = -5*w + 45, -w + 5*h + 22 = 3*h. Calculate the highest common factor of w and 21.
3
Suppose 0 = -5*s + 15, 5*g + 12 = -5*s - 23. Let b be (140/50)/((-4)/g). What is the highest common divisor of b and 133?
7
Let q = 3385 - 3337. What is the highest common divisor of q and 120?
24
Suppose -36*h = -21*h - 3750. Calculate the greatest common factor of 10 and h.
10
Let r be (-4)/18 + (6 - 18/(-81)). Calculate the highest common factor of r and 9.
3
Let s = 66 + -56. Let n be (12/10)/(5/125). What is the greatest common factor of n and s?
10
Let b be (2/(-5))/((-2)/(-20))*-3. Calculate the greatest common divisor of b and 48.
12
Let x = 10 - 10. Let m = x + 6. Calculate the highest common factor of m and 3.
3
Let x(m) = m**2 - 4*m - 83. Let a be x(-9). Calculate the greatest common factor of 85 and a.
17
Let f be 7/(70/(-4)) + 56/(-10). Let m(b) = -3*b + 3. Let u be m(f). What is the highest common factor of u and 231?
21
Let a be -2 - -346*(11/2 + -5). What is the highest common divisor of a and 57?
57
Suppose -z = z - 40. Suppose 0 = 20*p - 24*p - 60. Let i = -10 - p. What is the highest common divisor of z and i?
5
Suppose z + 12 = 4*z. Suppose 8 = z*y - 0*y. Suppose 4*q - y*q - 46 = 0. Calculate the highest common divisor of 23 and q.
23
Suppose 113 = -7*s + 148. Let y = 55 + -25. Suppose -s*q + y = -0*q. What is the highest common factor of q and 3?
3
Suppose -n + 6 = -h, -h - h - 5*n + 23 = 0. Let p be ((-294 + -2)/4)/(h/2). What is the greatest common divisor of 37 and p?
37
Suppose -6*a + 2*a + 119 = 5*s, -2*a + 5*s = -67. What is the greatest common divisor of a and 527?
31
Let d = -215 - -257. Calculate the greatest common factor of 70 and d.
14
Let s be (-30)/2*1/(-3). Let h = 14 + -9. Suppose -2*z + h*z - x = 145, 40 = z - 2*x. Calculate the greatest common factor of s and z.
5
Suppose -r - 2*r - 5*h + 39 = 0, -5*r - 2*h = -46. Suppose 2*o = 2*u + 308, 0*o + 604 = 4*o + 2*u. What is the highest common divisor of o and r?
8
Let o = -72 + 112. Suppose -2*g + 37 = -23. Calculate the greatest common divisor of o and g.
10
Let a(p) = -2*p - 12. Let f be a(-8). Suppose f*k - k = 33. Suppose 16*h - k*h - 5 = 0. Calculate the greatest common divisor of h and 1.
1
Suppose 0 = -j + n + 26, j = -7*n + 9*n + 24. What is the greatest common divisor of j and 28?
28
Suppose -103*w = -107*w + 1300. What is the highest common factor of w and 39?
13
Suppose 22*b + 1275 = 5*l + 17*b, -2*l - 3*b = -510. What is the greatest common factor of 15 and l?
15
Let c(d) = -d**3 - 7*d**2 - 19*d - 21. Let g be c(-4). Calculate the highest common divisor of g and 49.
7
Suppose 5*w - 14 = 21. Suppose -2*p + w*p - 90 = 0. Calculate the greatest common divisor of 54 and p.
18
Suppose 5*b = -23*b + 1120. What is the highest common divisor of 5 and b?
5
Let z(h) = 13*h + 81. Let n be z(-6). Suppose -p - 13 - 1 = -2*i, 5*p = 3*i - 7. Calculate the greatest common divisor of n and i.
3
Let p be 21/(-14)*(-12)/(-9) + 24. What is the highest common factor of 11 and p?
11
Let o be (-126)/(((-1)/(-11))/((-1)/2)). What is the greatest common factor of 63 and o?
63
Let m(y) = -10*y - 27 - 5 + 15*y. Let d be m(11). Calculate the highest common factor of 115 and d.
23
Let m(l) = 5*l - 19. Let o be m(12). Calculate the highest common factor of 697 and o.
41
Let t(h) = 6*h**3 - 2*h**2 - 9*h + 14. Let b be t(2). Calculate the highest common divisor of 36 and b.
36
Let q be 8/(-10) + (3 - 552/(-15)). Calculate the highest common factor of 52 and q.
13
Suppose -5*f - 63 = -14*f. Suppose f*s = 5*s + 32. Suppose -2*v - 2*b = 2*v, -4*v = -2*b - 16. Calculate the greatest common factor of v and s.
2
Suppose 3*r - 102 = 3*j - r, 0 = -3*r + 9. Let d be (j/45)/((-2)/87). Let o(w) = -6*w - 1. Let t be o(-5). Calculate the greatest common factor of t and d.
29
Let r(k) = 2*k**2 - 12*k - 6. Let i be r(7). Let o be 122 - 4/(1 - -1). Suppose -3*c - o = -i*c. What is the greatest common factor of c and 60?
12
Suppose 0*s + 4*x + 4 = -2*s, -4*s + 13 = x. Suppose -s*j - 98 + 322 = 0. What is the greatest common divisor of 8 and j?
8
Let x = 24 - 33. Let h be 3020/18 - 2/x. What is the highest common divisor of h and 24?
24
Suppose 2064 = 16*f - 8*f. What is the highest common factor of 86 and f?
86
Let m = -48 - -75. What is the highest common divisor of m and 621?
27
Suppose -6*o = -34 - 8. Suppose -h = o - 111. What is the highest common divisor of 8 and h?
8
Let x be 1132/14 + (-40)/(-280) - -3. Calculate the greatest common factor of 216 and x.
12
Suppose -5*t + 134 = 4*m - 33, -t + 37 = 2*m. Calculate the highest common factor of t and 2.
1
Let g be ((-6)/4)/((-3)/4). Suppose 1 = -4*y + u, -3*u = -g*y - 4*u + 1. Suppose n = -y + 1. What is the greatest common factor of n and 11?
1
Let z(d) = d**3 - 32*d**2 - 58*d - 84. Let q be z(34). What is the greatest common divisor of q and 16?
16
Suppose 0 = -0*p - 2*p + 36. Suppose -2*d - 4*d = -96. Suppose -4*c - d = -2*h, -2*h = c + 2*c + 5. What is the greatest common divisor of h and p?
2
Suppose w + 4*i + 14 = 75, -4*i = 3*w - 191. Calculate the highest common divisor of w and 65.
65
Let n(s) = s**3 + 5*s**2 + 2*s - 3. Let d be n(-4). Suppose h - 5*f - 5 = 0, d*h = 2*f + 2*f + 25. What is the highest common divisor of h and 5?
5
Let r = 91 + -64. What is the highest common divisor of r and 9?
9
Let j(t) = 9*t**3 + 2*t**2 - 6*t + 5. Let w be j(1). Let k = 5 - -5. What is the highest common divisor of k and w?
10
Suppose -n = -4*t - 266, -10*n + 13*n - 681 = -t. Suppose 42 = 4*x - c, 2*c - 13 - 3 = -2*x. What is the greatest common factor of n and x?
10
Suppose -3*q = 238 - 268. What is the highest common divisor of q and 75?
5
Let x = 124 + -121. Suppose 4*h - h = 0. Let i be 1*(h - 1)*-3. Calculate the greatest common factor of x and i.
3
Suppose 0 = -84*x + 89*x - 90. Suppose 4*o - 3*o - x = 0. What is the greatest common divisor of 144 and o?
18
Let c = 156 - 88. Suppose 0 = -2*y + 5*a + c, -4*a = -2*y - a + 68. What is the greatest common divisor of 85 and y?
17
Let v = -12 + 15. Let w be -3 + v - -48*1. Suppose 0 = m + 5*r - 11, 0*r - 3 = -3*r. Calculate the highest common factor of w and m.
6
Suppose -5*b + 124 = -15*z + 17*z, -b - 4*z = -32. Calculate the highest common factor of b and 300.
12
Let c be 5 + -1 - (14 + 11). Let k = c + 24. What is the highest common factor of 24 and k?
3
Let i = -33 + 50. Let r = i - 13. Calculate the greatest common divisor of r and 44.
4
Let y = -429 + 1160. Calculate the highest common factor of y and 43.
43
Let c = 465 - 353. Calculate the highest common factor of c and 7.
7
Let l(h) = h**3 + 27*h**2 + 53*h + 114. Let a be l(-25). What is the greatest common factor of 741 and a?
39
Let x = -41 + 58. What is the highest common divisor of x and 119?
17
Suppose 0 = 5*f + 2468 - 918. Let a = -214 - f. What is the highest common factor of a and 12?
12
Suppose 13*t = 8*t + 760. Calculate the highest common divisor of 190 and t.
38
Suppose 23